ate the highest common factor of 4836 and 1364.
124
Calculate the greatest common divisor of 732 and 427.
61
Calculate the highest common divisor of 46 and 1587.
23
What is the greatest common divisor of 164 and 80?
4
Calculate the highest common factor of 620 and 496.
124
What is the highest common factor of 71 and 639?
71
Calculate the greatest common factor of 224 and 7504.
112
Calculate the greatest common divisor of 70 and 35.
35
Calculate the greatest common factor of 174 and 282.
6
Calculate the greatest common factor of 7 and 4.
1
Calculate the highest common factor of 10249 and 74.
37
What is the highest common divisor of 12943 and 14?
7
What is the greatest common divisor of 23103 and 153?
153
What is the greatest common divisor of 8 and 27?
1
What is the highest common divisor of 24 and 684?
12
What is the greatest common factor of 342 and 72?
18
What is the greatest common factor of 17 and 6?
1
Calculate the greatest common factor of 30 and 17890.
10
What is the highest common factor of 54 and 999?
27
What is the greatest common divisor of 850 and 25?
25
Calculate the greatest common divisor of 110 and 264.
22
What is the greatest common divisor of 300 and 1700?
100
What is the highest common factor of 150 and 1320?
30
What is the greatest common divisor of 3674 and 22?
22
Calculate the highest common factor of 1241 and 219.
73
Calculate the highest common factor of 1072 and 16.
16
What is the greatest common divisor of 135 and 1305?
45
Calculate the greatest common divisor of 132 and 84.
12
What is the highest common divisor of 10 and 31420?
10
Calculate the greatest common factor of 228 and 1482.
114
What is the highest common factor of 252 and 13356?
252
What is the highest common divisor of 285 and 228?
57
Calculate the greatest common factor of 238 and 51.
17
Calculate the highest common factor of 99 and 153.
9
Calculate the highest common factor of 140 and 2212.
28
Calculate the greatest common divisor of 969 and 1824.
57
Calculate the highest common divisor of 128 and 6.
2
Calculate the greatest common divisor of 43 and 4343.
43
Calculate the highest common factor of 1788 and 12.
12
Calculate the highest common divisor of 77 and 91.
7
What is the highest common factor of 84 and 448?
28
Calculate the greatest common divisor of 204 and 714.
102
What is the highest common divisor of 2563 and 77?
11
Calculate the greatest common divisor of 54 and 4266.
54
Calculate the greatest common factor of 45 and 765.
45
What is the highest common factor of 72 and 162?
18
Calculate the highest common factor of 4 and 170.
2
What is the greatest common divisor of 510 and 90?
30
What is the greatest common factor of 24 and 60?
12
Calculate the greatest common factor of 13580 and 140.
140
Calculate the highest common factor of 92 and 4876.
92
What is the highest common factor of 2 and 186?
2
Calculate the highest common divisor of 6172 and 4.
4
Calculate the greatest common divisor of 880 and 3410.
110
Calculate the greatest common divisor of 112 and 280.
56
Calculate the greatest common divisor of 138 and 759.
69
What is the greatest common factor of 152 and 247?
19
What is the highest common factor of 10 and 1830?
10
Calculate the highest common factor of 13739 and 22.
11
What is the highest common factor of 602 and 42?
14
What is the highest common factor of 19756 and 44?
44
Calculate the highest common divisor of 177 and 1.
1
Calculate the greatest common divisor of 63 and 99.
9
What is the greatest common factor of 4 and 5?
1
Calculate the highest common factor of 8 and 21816.
8
Calculate the greatest common factor of 72 and 1557.
9
What is the greatest common factor of 52 and 169?
13
Calculate the greatest common factor of 28 and 12.
4
What is the highest common divisor of 2546 and 19?
19
What is the highest common divisor of 256 and 224?
32
Calculate the highest common divisor of 3298 and 68.
34
What is the highest common factor of 78 and 104?
26
What is the highest common divisor of 410 and 1435?
205
Calculate the highest common factor of 72 and 27.
9
What is the highest common divisor of 32 and 4432?
16
What is the greatest common factor of 161 and 69?
23
What is the greatest common divisor of 149 and 19221?
149
What is the greatest common divisor of 10 and 675?
5
What is the greatest common factor of 7 and 133?
7
Calculate the greatest common factor of 31 and 248.
31
What is the highest common divisor of 47 and 4841?
47
Calculate the greatest common factor of 120 and 3180.
60
What is the greatest common divisor of 846 and 893?
47
Calculate the highest common divisor of 1314 and 730.
146
What is the highest common divisor of 22 and 5060?
22
What is the greatest common divisor of 369 and 1353?
123
What is the greatest common divisor of 84 and 36?
12
What is the greatest common factor of 154 and 110?
22
Calculate the highest common divisor of 50 and 950.
50
Calculate the highest common divisor of 3185 and 13.
13
What is the greatest common divisor of 2117 and 609?
29
What is the highest common factor of 6 and 3261?
3
What is the highest common divisor of 204 and 564?
12
Calculate the highest common factor of 1064 and 40.
8
Calculate the greatest common divisor of 85 and 136.
17
What is the greatest common factor of 18524 and 44?
44
Calculate the highest common divisor of 9 and 1521.
9
What is the greatest common divisor of 10 and 1290?
10
What is the highest common factor of 16 and 240?
16
What is the highest common factor of 990 and 792?
198
Calculate the highest common divisor of 112 and 48.
16
Calculate the highest common divisor of 3546 and 90.
18
What is the highest common divisor of 70 and 1690?
10
Calculate the highest common divisor of 3016 and 58.
58
What is the greatest common divisor of 73 and 657?
73
What is the greatest common factor of 2047 and 23?
23
Calculate the greatest common factor of 272 and 128.
16
What is the highest common factor of 391 and 253?
23
What is the greatest common divisor of 232 and 1334?
58
Calculate the greatest common divisor of 54 and 12.
6
What is the highest common factor of 398 and 16517?
199
Calculate the greatest common divisor of 369 and 15.
3
What is the greatest common divisor of 72 and 20484?
36
What is the greatest common divisor of 325 and 715?
65
Calculate the greatest common divisor of 672 and 21.
21
Calculate the highest common factor of 1952 and 80.
16
Calculate the greatest common divisor of 112 and 742.
14
Calculate the greatest common factor of 312 and 48.
24
Calculate the highest common factor of 60 and 225.
15
What is the greatest common factor of 77 and 308?
77
Calculate the highest common divisor of 26 and 4589.
13
Calculate the greatest common divisor of 216 and 7272.
72
Calculate the greatest common factor of 667 and 29.
29
What is the greatest common divisor of 526 and 2?
2
What is the highest common factor of 196 and 276?
4
What is the greatest common divisor of 28 and 518?
14
Calculate the highest common divisor of 2054 and 182.
26
Calculate the greatest common factor of 88 and 11.
11
What is the highest common divisor of 1 and 99?
1
Calculate the highest common factor of 456 and 1444.
76
What is the highest common divisor of 120 and 100?
20
What is the highest common divisor of 215 and 344?
43
Calculate the highest common factor of 634 and 8.
2
What is the greatest common divisor of 39 and 676?
13
What is the greatest common divisor of 48 and 112?
16
What is the greatest common factor of 66 and 1034?
22
What is the greatest common divisor of 2 and 332?
2
What is the greatest common factor of 2825 and 275?
25
What is the greatest common divisor of 57 and 285?
57
Calculate the highest common factor of 43 and 129.
43
What is the highest common divisor of 4615 and 65?
65
Calculate the highest common divisor of 3633 and 21.
21
What is the highest common factor of 703 and 111?
37
Calculate the greatest common divisor of 1081 and 23.
23
What is the highest common divisor of 52 and 4?
4
Calculate the highest common divisor of 729 and 324.
81
Calculate the highest common factor of 303 and 2929.
101
What is the highest common divisor of 2910 and 30?
30
Calculate the highest common divisor of 30 and 1060.
10
What is the highest common divisor of 22 and 2?
2
Calculate the highe